{"id":11794,"date":"2019-08-01T19:46:13","date_gmt":"2019-08-01T19:46:13","guid":{"rendered":"https:\/\/sochige.cl\/?post_type=tribe_events&amp;p=4440"},"modified":"2019-08-01T19:46:13","modified_gmt":"2019-08-01T19:46:13","slug":"xvi-congreso-panamericano-de-mecanica-de-suelos-e-ingenieria-geotecnica-2","status":"publish","type":"tribe_events","link":"https:\/\/sochige.cl\/en\/evento\/xvi-congreso-panamericano-de-mecanica-de-suelos-e-ingenieria-geotecnica-2\/","title":{"rendered":"XVI Congreso Panamericano de Mec\u00e1nica de Suelos e Ingenier\u00eda Geot\u00e9cnica"},"content":{"rendered":"<p>17 al 20 de Noviembre de 2019<br \/>\nCanc\u00fan, M\u00e9xico<\/p>\n<p><a href=\"https:\/\/www.panamerican2019mexico.com\/\" target=\"_blank\" rel=\"noopener noreferrer\">https:\/\/www.panamerican2019mexico.com\/<\/a><\/p>\n","protected":false},"excerpt":{"rendered":"<p>17 al 20 de Noviembre de 2019 Canc\u00fan, M\u00e9xico https:\/\/www.panamerican2019mexico.com\/<\/p>\n","protected":false},"author":1,"featured_media":4443,"comment_status":"closed","ping_status":"closed","template":"","meta":{"ngg_post_thumbnail":0,"_tribe_events_status":"","_tribe_events_status_reason":"","_links_to":"","_links_to_target":""},"tags":[],"tribe_events_cat":[],"_links":{"self":[{"href":"https:\/\/sochige.cl\/en\/wp-json\/wp\/v2\/tribe_events\/11794"}],"collection":[{"href":"https:\/\/sochige.cl\/en\/wp-json\/wp\/v2\/tribe_events"}],"about":[{"href":"https:\/\/sochige.cl\/en\/wp-json\/wp\/v2\/types\/tribe_events"}],"author":[{"embeddable":true,"href":"https:\/\/sochige.cl\/en\/wp-json\/wp\/v2\/users\/1"}],"replies":[{"embeddable":true,"href":"https:\/\/sochige.cl\/en\/wp-json\/wp\/v2\/comments?post=11794"}],"version-history":[{"count":0,"href":"https:\/\/sochige.cl\/en\/wp-json\/wp\/v2\/tribe_events\/11794\/revisions"}],"wp:featuredmedia":[{"embeddable":true,"href":"https:\/\/sochige.cl\/en\/wp-json\/wp\/v2\/media\/4443"}],"wp:attachment":[{"href":"https:\/\/sochige.cl\/en\/wp-json\/wp\/v2\/media?parent=11794"}],"wp:term":[{"taxonomy":"post_tag","embeddable":true,"href":"https:\/\/sochige.cl\/en\/wp-json\/wp\/v2\/tags?post=11794"},{"taxonomy":"tribe_events_cat","embeddable":true,"href":"https:\/\/sochige.cl\/en\/wp-json\/wp\/v2\/tribe_events_cat?post=11794"}],"curies":[{"name":"wp","href":"https:\/\/api.w.org\/{rel}","templated":true}]}}

XVI Congreso Panamericano de Mecánica de Suelos e Ingeniería Geotécnica

<p>17 al 20 de Noviembre de 2019<br />
Cancún, México</p>
<p><a href="https://www.panamerican2019mexico.com/" target="_blank" rel="noopener noreferrer">https://www.panamerican2019mexico.com/</a></p>

<p>17 al 20 de Noviembre de 2019 Cancún, México https://www.panamerican2019mexico.com/</p>
