{"id":11798,"date":"2019-08-01T19:48:22","date_gmt":"2019-08-01T19:48:22","guid":{"rendered":"https:\/\/sochige.cl\/?post_type=tribe_events&amp;p=4450"},"modified":"2019-08-01T19:48:22","modified_gmt":"2019-08-01T19:48:22","slug":"vi-conferencia-internacional-de-caracterizacion-geotecnica-y-geofisica-2","status":"publish","type":"tribe_events","link":"https:\/\/sochige.cl\/en\/evento\/vi-conferencia-internacional-de-caracterizacion-geotecnica-y-geofisica-2\/","title":{"rendered":"VI Conferencia Internacional de caracterizaci\u00f3n geot\u00e9cnica y geof\u00edsica"},"content":{"rendered":"<p>7 al 11 de Septiembre de 2020<br \/>\nBudapest, Hungr\u00eda<\/p>\n<p><a href=\"http:\/\/www.isc6.org\/\" target=\"_blank\" rel=\"noopener noreferrer\">http:\/\/www.isc6.org\/<\/a><\/p>\n","protected":false},"excerpt":{"rendered":"<p>7 al 11 de Septiembre de 2020 Budapest, Hungr\u00eda http:\/\/www.isc6.org\/<\/p>\n","protected":false},"author":1,"featured_media":4453,"comment_status":"closed","ping_status":"closed","template":"","meta":{"ngg_post_thumbnail":0,"_tribe_events_status":"","_tribe_events_status_reason":"","_links_to":"","_links_to_target":""},"tags":[],"tribe_events_cat":[],"_links":{"self":[{"href":"https:\/\/sochige.cl\/en\/wp-json\/wp\/v2\/tribe_events\/11798"}],"collection":[{"href":"https:\/\/sochige.cl\/en\/wp-json\/wp\/v2\/tribe_events"}],"about":[{"href":"https:\/\/sochige.cl\/en\/wp-json\/wp\/v2\/types\/tribe_events"}],"author":[{"embeddable":true,"href":"https:\/\/sochige.cl\/en\/wp-json\/wp\/v2\/users\/1"}],"replies":[{"embeddable":true,"href":"https:\/\/sochige.cl\/en\/wp-json\/wp\/v2\/comments?post=11798"}],"version-history":[{"count":0,"href":"https:\/\/sochige.cl\/en\/wp-json\/wp\/v2\/tribe_events\/11798\/revisions"}],"wp:featuredmedia":[{"embeddable":true,"href":"https:\/\/sochige.cl\/en\/wp-json\/wp\/v2\/media\/4453"}],"wp:attachment":[{"href":"https:\/\/sochige.cl\/en\/wp-json\/wp\/v2\/media?parent=11798"}],"wp:term":[{"taxonomy":"post_tag","embeddable":true,"href":"https:\/\/sochige.cl\/en\/wp-json\/wp\/v2\/tags?post=11798"},{"taxonomy":"tribe_events_cat","embeddable":true,"href":"https:\/\/sochige.cl\/en\/wp-json\/wp\/v2\/tribe_events_cat?post=11798"}],"curies":[{"name":"wp","href":"https:\/\/api.w.org\/{rel}","templated":true}]}}

VI Conferencia Internacional de caracterización geotécnica y geofísica

<p>7 al 11 de Septiembre de 2020<br />
Budapest, Hungría</p>
<p><a href="http://www.isc6.org/" target="_blank" rel="noopener noreferrer">http://www.isc6.org/</a></p>

<p>7 al 11 de Septiembre de 2020 Budapest, Hungría http://www.isc6.org/</p>
