{"id":4430,"date":"2019-08-01T19:43:45","date_gmt":"2019-08-01T19:43:45","guid":{"rendered":"https:\/\/sochige.cl\/?post_type=tribe_events&#038;p=4430"},"modified":"2019-08-01T19:43:45","modified_gmt":"2019-08-01T19:43:45","slug":"xvii-conferencia-europea-de-mecanica-de-suelos-e-ingenieria-geotecnica","status":"publish","type":"tribe_events","link":"https:\/\/sochige.cl\/en\/evento\/xvii-conferencia-europea-de-mecanica-de-suelos-e-ingenieria-geotecnica\/","title":{"rendered":"XVII Conferencia  Europea de Mec\u00e1nica de Suelos e Ingenier\u00eda Geot\u00e9cnica"},"content":{"rendered":"<p>1 al 6 de Septiembre de 2019<br \/>\nIslandia<\/p>\n<p><a href=\"http:\/\/www.ecsmge-2019.com\" target=\"_blank\" rel=\"noopener noreferrer\">www.ecsmge-2019.com<\/a><\/p>\n","protected":false},"excerpt":{"rendered":"<p>1 al 6 de Septiembre de 2019 Islandia www.ecsmge-2019.com<\/p>\n","protected":false},"author":1,"featured_media":4433,"comment_status":"closed","ping_status":"closed","template":"","meta":{"ngg_post_thumbnail":0,"_tribe_events_status":"","_tribe_events_status_reason":"","_links_to":"","_links_to_target":""},"tags":[],"tribe_events_cat":[],"_links":{"self":[{"href":"https:\/\/sochige.cl\/en\/wp-json\/wp\/v2\/tribe_events\/4430"}],"collection":[{"href":"https:\/\/sochige.cl\/en\/wp-json\/wp\/v2\/tribe_events"}],"about":[{"href":"https:\/\/sochige.cl\/en\/wp-json\/wp\/v2\/types\/tribe_events"}],"author":[{"embeddable":true,"href":"https:\/\/sochige.cl\/en\/wp-json\/wp\/v2\/users\/1"}],"replies":[{"embeddable":true,"href":"https:\/\/sochige.cl\/en\/wp-json\/wp\/v2\/comments?post=4430"}],"version-history":[{"count":1,"href":"https:\/\/sochige.cl\/en\/wp-json\/wp\/v2\/tribe_events\/4430\/revisions"}],"predecessor-version":[{"id":4434,"href":"https:\/\/sochige.cl\/en\/wp-json\/wp\/v2\/tribe_events\/4430\/revisions\/4434"}],"wp:featuredmedia":[{"embeddable":true,"href":"https:\/\/sochige.cl\/en\/wp-json\/wp\/v2\/media\/4433"}],"wp:attachment":[{"href":"https:\/\/sochige.cl\/en\/wp-json\/wp\/v2\/media?parent=4430"}],"wp:term":[{"taxonomy":"post_tag","embeddable":true,"href":"https:\/\/sochige.cl\/en\/wp-json\/wp\/v2\/tags?post=4430"},{"taxonomy":"tribe_events_cat","embeddable":true,"href":"https:\/\/sochige.cl\/en\/wp-json\/wp\/v2\/tribe_events_cat?post=4430"}],"curies":[{"name":"wp","href":"https:\/\/api.w.org\/{rel}","templated":true}]}}

XVII Conferencia  Europea de Mecánica de Suelos e Ingeniería Geotécnica
