{"id":5032,"date":"2020-01-09T21:39:39","date_gmt":"2020-01-09T21:39:39","guid":{"rendered":"https:\/\/sochige.cl\/?post_type=tribe_events&#038;p=5032"},"modified":"2020-01-09T21:41:42","modified_gmt":"2020-01-09T21:41:42","slug":"asegura-tu-cupo-dialogo-tecnico-clasificacion-sismica-de-suelos","status":"publish","type":"tribe_events","link":"https:\/\/sochige.cl\/en\/evento\/asegura-tu-cupo-dialogo-tecnico-clasificacion-sismica-de-suelos\/","title":{"rendered":"\u00a1Asegura tu cupo! Di\u00e1logo T\u00e9cnico Clasificaci\u00f3n s\u00edsmica de suelos"},"content":{"rendered":"<p><img class=\"mcnImage\" src=\"https:\/\/gallery.mailchimp.com\/d7135ef5a10875f70d07bea83\/images\/e0d29846-4465-4222-9c6d-2f48b4f295eb.png\" alt=\"\" width=\"564\" align=\"center\" \/><\/p>\n<div><strong>La Corporaci\u00f3n de Desarrollo Tecnol\u00f3gico, CDT<\/strong>, de la\u00a0<strong>C\u00e1mara Chilena de la Construcci\u00f3n<\/strong>,\u00a0<strong>CChC<\/strong>, tiene el agrado de invitarlo a participar del\u00a0<strong>Di\u00e1logo T\u00e9cnico Clasificaci\u00f3n s\u00edsmica de suelos<\/strong>, que se realizar\u00e1 el pr\u00f3ximo\u00a0<strong>martes 21 de enero de 2020,<\/strong>\u00a0a partir de las 8:30 horas (acreditaci\u00f3n) en Espacio CDT, ubicado en Avenida Apoquindo 6750, piso 22, Las Condes.<\/div>\n<p><img class=\"mcnImage\" src=\"https:\/\/gallery.mailchimp.com\/d7135ef5a10875f70d07bea83\/images\/e1fa5302-3ab2-425e-9a34-3e76219b0ff5.png\" alt=\"\" width=\"564\" align=\"center\" \/><img class=\"mcnImage\" src=\"https:\/\/gallery.mailchimp.com\/d7135ef5a10875f70d07bea83\/images\/06270528-992c-4312-a03f-f165ef6b9bcf.png\" alt=\"\" width=\"564\" align=\"center\" \/><\/p>\n<p><a class=\"\" title=\"\" href=\"https:\/\/docs.google.com\/forms\/d\/e\/1FAIpQLScdFAiPjhuaFTqvrZh4B3S_OaLeS5KF8ZFCEieBGLiAAM0jpQ\/viewform\" target=\"_blank\" rel=\"noopener noreferrer\"><img class=\"mcnImage alignnone\" src=\"https:\/\/gallery.mailchimp.com\/d7135ef5a10875f70d07bea83\/images\/6fc80d6f-c2b6-456b-b779-70f3ede87be7.png\" alt=\"\" width=\"264\" \/><\/a><\/p>\n<p><a class=\"\" title=\"\" href=\"http:\/\/mailing.cdt.cl\/files\/2020\/1\/Programa-Clasificacion-Sismica-de-Suelos-Dic2019-LUG-V3.pdf\" target=\"_blank\" rel=\"noopener noreferrer\"><img class=\"mcnImage\" src=\"https:\/\/gallery.mailchimp.com\/d7135ef5a10875f70d07bea83\/images\/b26cb33e-da97-4d1f-b4f5-a4d80d68cba3.png\" alt=\"\" width=\"264\" \/><\/a><\/p>\n<p><img class=\"mcnImage\" src=\"https:\/\/gallery.mailchimp.com\/d7135ef5a10875f70d07bea83\/images\/d6a8c694-63d0-47bf-ab63-12527bb3d709.png\" alt=\"\" usemap=\"#Map\" width=\"564\" align=\"center\" \/><\/p>\n<div><strong>M\u00e1s\u00a0informaci\u00f3n:\u00a0<a href=\"mailto:eventos@cdt.cl\" target=\"_blank\" rel=\"noopener noreferrer\">eventos@cdt.cl<\/a><a href=\"mailto:eventos@cdt.cl\" target=\"_blank\" rel=\"noopener noreferrer\">\u00a0<\/a><br \/>\nTel\u00e9fono:\u00a0\u00a0+562 27187500 &#8211;\u00a0whatsapp: +569 9869 8006<\/strong><br \/>\n<strong>Avenida Apoquindo N\u00ba 6750 &#8211; Piso 21 &#8211; Las Condes &#8211;\u00a0<a href=\"https:\/\/www.cdt.cl\/\" target=\"_blank\" rel=\"noopener noreferrer\">www.cdt.<\/a><a href=\"https:\/\/www.cdt.cl\/\" target=\"_blank\" rel=\"noopener noreferrer\">cl<\/a>\u00a0<\/strong><\/div>\n<div>En conformidad al art\u00edculo 28 b de la ley 19.496, sobre derechos del consumidor, si usted prefiere no continuar recibiendo informaci\u00f3n de la CDT,\u00a0<a href=\"https:\/\/cdt.us3.list-manage.com\/unsubscribe?u=deddd6fd96073dd39fe87b2c0&amp;id=b015b54963&amp;e=8f2c508702&amp;c=00827543b6\">haga clic aqu\u00ed<\/a>.\u00a0Por favor no responda este correo. Si desea comunicarse con el administrador del sitio escriba a\u00a0<a href=\"mailto:informatica@cdt.cl\" target=\"_blank\" rel=\"noopener noreferrer\">informatica@cdt.cl<\/a><\/div>\n<p><img class=\"mcnImage\" src=\"https:\/\/gallery.mailchimp.com\/d7135ef5a10875f70d07bea83\/images\/328209f1-7666-44d3-8404-cb6f687bceca.png\" alt=\"\" usemap=\"#MapMapMap\" width=\"564\" align=\"center\" \/><\/p>\n","protected":false},"excerpt":{"rendered":"<p>La Corporaci\u00f3n de Desarrollo Tecnol\u00f3gico, CDT, de la\u00a0C\u00e1mara Chilena de la Construcci\u00f3n,\u00a0CChC, tiene el agrado de invitarlo a participar del\u00a0Di\u00e1logo T\u00e9cnico Clasificaci\u00f3n s\u00edsmica de suelos, que se realizar\u00e1 el pr\u00f3ximo\u00a0martes [&hellip;]<\/p>\n","protected":false},"author":1,"featured_media":5037,"comment_status":"closed","ping_status":"closed","template":"","meta":{"ngg_post_thumbnail":0,"_tribe_events_status":"","_tribe_events_status_reason":"","_links_to":"","_links_to_target":""},"tags":[],"tribe_events_cat":[],"_links":{"self":[{"href":"https:\/\/sochige.cl\/en\/wp-json\/wp\/v2\/tribe_events\/5032"}],"collection":[{"href":"https:\/\/sochige.cl\/en\/wp-json\/wp\/v2\/tribe_events"}],"about":[{"href":"https:\/\/sochige.cl\/en\/wp-json\/wp\/v2\/types\/tribe_events"}],"author":[{"embeddable":true,"href":"https:\/\/sochige.cl\/en\/wp-json\/wp\/v2\/users\/1"}],"replies":[{"embeddable":true,"href":"https:\/\/sochige.cl\/en\/wp-json\/wp\/v2\/comments?post=5032"}],"version-history":[{"count":4,"href":"https:\/\/sochige.cl\/en\/wp-json\/wp\/v2\/tribe_events\/5032\/revisions"}],"predecessor-version":[{"id":5041,"href":"https:\/\/sochige.cl\/en\/wp-json\/wp\/v2\/tribe_events\/5032\/revisions\/5041"}],"wp:featuredmedia":[{"embeddable":true,"href":"https:\/\/sochige.cl\/en\/wp-json\/wp\/v2\/media\/5037"}],"wp:attachment":[{"href":"https:\/\/sochige.cl\/en\/wp-json\/wp\/v2\/media?parent=5032"}],"wp:term":[{"taxonomy":"post_tag","embeddable":true,"href":"https:\/\/sochige.cl\/en\/wp-json\/wp\/v2\/tags?post=5032"},{"taxonomy":"tribe_events_cat","embeddable":true,"href":"https:\/\/sochige.cl\/en\/wp-json\/wp\/v2\/tribe_events_cat?post=5032"}],"curies":[{"name":"wp","href":"https:\/\/api.w.org\/{rel}","templated":true}]}}

¡Asegura tu cupo! Diálogo Técnico Clasificación sísmica de suelos

<p><img class="mcnImage" src="https://gallery.mailchimp.com/d7135ef5a10875f70d07bea83/images/e0d29846-4465-4222-9c6d-2f48b4f295eb.png" alt="" width="564" align="center" /></p>
<div><strong>La Corporación de Desarrollo Tecnológico, CDT</strong>, de la <strong>Cámara Chilena de la Construcción</strong>, <strong>CChC</strong>, tiene el agrado de invitarlo a participar del <strong>Diálogo Técnico Clasificación sísmica de suelos</strong>, que se realizará el próximo <strong>martes 21 de enero de 2020,</strong> a partir de las 8:30 horas (acreditación) en Espacio CDT, ubicado en Avenida Apoquindo 6750, piso 22, Las Condes.</div>
<p><img class="mcnImage" src="https://gallery.mailchimp.com/d7135ef5a10875f70d07bea83/images/e1fa5302-3ab2-425e-9a34-3e76219b0ff5.png" alt="" width="564" align="center" /><img class="mcnImage" src="https://gallery.mailchimp.com/d7135ef5a10875f70d07bea83/images/06270528-992c-4312-a03f-f165ef6b9bcf.png" alt="" width="564" align="center" /></p>
<p><a class="" title="" href="https://docs.google.com/forms/d/e/1FAIpQLScdFAiPjhuaFTqvrZh4B3S_OaLeS5KF8ZFCEieBGLiAAM0jpQ/viewform" target="_blank" rel="noopener noreferrer"><img class="mcnImage alignnone" src="https://gallery.mailchimp.com/d7135ef5a10875f70d07bea83/images/6fc80d6f-c2b6-456b-b779-70f3ede87be7.png" alt="" width="264" /></a></p>
<p><a class="" title="" href="http://mailing.cdt.cl/files/2020/1/Programa-Clasificacion-Sismica-de-Suelos-Dic2019-LUG-V3.pdf" target="_blank" rel="noopener noreferrer"><img class="mcnImage" src="https://gallery.mailchimp.com/d7135ef5a10875f70d07bea83/images/b26cb33e-da97-4d1f-b4f5-a4d80d68cba3.png" alt="" width="264" /></a></p>
<p><img class="mcnImage" src="https://gallery.mailchimp.com/d7135ef5a10875f70d07bea83/images/d6a8c694-63d0-47bf-ab63-12527bb3d709.png" alt="" usemap="#Map" width="564" align="center" /></p>
<div><strong>Más información: <a href="mailto:eventos@cdt.cl" target="_blank" rel="noopener noreferrer">eventos@cdt.cl</a><a href="mailto:eventos@cdt.cl" target="_blank" rel="noopener noreferrer"> </a><br />
Teléfono:  +562 27187500 &#8211; whatsapp: +569 9869 8006</strong><br />
<strong>Avenida Apoquindo Nº 6750 &#8211; Piso 21 &#8211; Las Condes &#8211; <a href="https://www.cdt.cl/" target="_blank" rel="noopener noreferrer">www.cdt.</a><a href="https://www.cdt.cl/" target="_blank" rel="noopener noreferrer">cl</a> </strong></div>
<div>En conformidad al artículo 28 b de la ley 19.496, sobre derechos del consumidor, si usted prefiere no continuar recibiendo información de la CDT, <a href="https://cdt.us3.list-manage.com/unsubscribe?u=deddd6fd96073dd39fe87b2c0&amp;id=b015b54963&amp;e=8f2c508702&amp;c=00827543b6">haga clic aquí</a>. Por favor no responda este correo. Si desea comunicarse con el administrador del sitio escriba a <a href="mailto:informatica@cdt.cl" target="_blank" rel="noopener noreferrer">informatica@cdt.cl</a></div>
<p><img class="mcnImage" src="https://gallery.mailchimp.com/d7135ef5a10875f70d07bea83/images/328209f1-7666-44d3-8404-cb6f687bceca.png" alt="" usemap="#MapMapMap" width="564" align="center" /></p>

<p>La Corporación de Desarrollo Tecnológico, CDT, de la Cámara Chilena de la Construcción, CChC, tiene el agrado de invitarlo a participar del Diálogo Técnico Clasificación sísmica de suelos, que se realizará el próximo martes [&hellip;]</p>
